*a**2 - 4*a - 4. Let t be f(-2). Let r = j - t. What is the tens digit of r?
2
Let d(l) = -73*l - 255. What is the tens digit of d(-24)?
9
Let d = 7 - 1. What is the units digit of (-1 + d + -3)*16?
2
Let w(l) = -3*l + 6*l + l + 2 - 3*l. Let j be w(2). Suppose v = 3*v + j, -r + 2*v + 26 = 0. What is the tens digit of r?
2
Let j(u) = u**2 + 17 + 30*u - 40*u + 0. Let v be j(13). Let q = v + -24. What is the units digit of q?
2
Let y(i) = 2*i**2 + 5*i + 1. Let q = -20 + 15. What is the tens digit of y(q)?
2
Let y(w) = -2 + 5*w**2 + 5 + w**3 - 9 + 2*w - 4*w. Let v = -3 - 2. What is the units digit of y(v)?
4
Suppose -3*g = 2*i - 24, 3*i = 3*g + 2*i - 24. Let d be (-2)/g - (-34)/8. Suppose -d*h + 27 = -49. What is the units digit of h?
9
Suppose 2*f - 4368 = -4*k, -42*k = 4*f - 44*k - 8706. What is the hundreds digit of f?
1
Let k(o) = 34*o - 143. What is the tens digit of k(22)?
0
Let o = 327 - -2671. What is the units digit of o?
8
Suppose -10*q = -6*q - 76. Suppose q + 25 = 2*z. What is the tens digit of z?
2
Let w(x) = -x**2 + 8*x - 4. Let b be w(6). Let s = b + -1. Let q(i) = -i**3 + 7*i**2 + i - 2. What is the units digit of q(s)?
5
Let r(f) = -7*f**3 - 26*f**2 - 33*f + 24. Let d(s) = 10*s**3 + 39*s**2 + 49*s - 36. Let z(w) = 5*d(w) + 7*r(w). What is the units digit of z(-10)?
8
Let p be 2/5 + 14/(-10). Let h(c) = -13*c**3 + 4*c**2 + 4*c - 5*c**2 - 5*c. What is the tens digit of h(p)?
1
Suppose -5*j + 0*h = h - 280, -4*j = -5*h - 224. Let a(x) = x**2 - x + 19. Let w be a(0). Let f = j - w. What is the tens digit of f?
3
Suppose 3*x + 2 = 5, -2*w + 3*x + 303 = 0. Suppose -7*n + w = -344. What is the units digit of n?
1
Let z be (-1)/(1/((-10)/5)). Let b be (-33)/(-9) + 2/6. Suppose z*d - 330 = -b*d. What is the tens digit of d?
5
Let p be (-2)/3 - (-291)/(-9). Suppose 4*j + 5*n = 199 + 86, 353 = 5*j + 3*n. Let a = j + p. What is the tens digit of a?
3
Suppose 0 = v - 2, -5*d - 5*v + 1766 + 4424 = 0. What is the thousands digit of d?
1
Let m = -1220 + 2507. Suppose 0*b = 13*b - m. What is the tens digit of b?
9
Let v(s) = 4*s**2 + 6*s. Let r(q) = 2*q**2 - 5*q - 2. Let z(u) = 3*u**2 - 10*u - 4. Let t(h) = -7*r(h) + 4*z(h). Let a be t(-3). What is the tens digit of v(a)?
7
Let b(g) = -g**3 - 8*g**2 + g + 11. Let h be b(-8). Suppose 2*c + h*c - 25 = 0. Suppose 2*j = 3*a - 10, -13 = -j + 2*a - c*a. What is the units digit of j?
1
Let c(z) = 3*z - 6. Let k = 3 - -18. Let l be 14/k*18/4. What is the units digit of c(l)?
3
Let f = 3 - 23. Let h = 20 + f. Suppose h = m + 3*m - 24. What is the units digit of m?
6
Let d(n) = n**2 + 10*n + 12. Let l be d(-8). Let v be l/(-6) - 84/(-36). Suppose -3*y + 2*c = -47, v*y + c = 5*c + 43. What is the units digit of y?
7
Let z = 11 - 1. Suppose 3*h - z - 59 = 0. Let x = h + -16. What is the units digit of x?
7
Let p(y) = 18*y**3 - 3*y**2 + 2*y + 2. What is the hundreds digit of p(2)?
1
Suppose 2*a - 4*k = 6*a - 752, 5*a = 2*k + 975. What is the hundreds digit of a?
1
Let t = -731 + 415. Let g = -138 - t. What is the units digit of g?
8
Suppose t + t - 60 = 0. Suppose -4 = f - t. What is the units digit of f?
6
What is the tens digit of 13 - 12 - (-382 + -1)?
8
Suppose 5*a + 2*x = 6763, 3*a - 5*x = 6*a - 4073. What is the hundreds digit of a?
3
Let t(i) = i**2 + 4. Let a be t(0). Suppose -7 = -3*f + a*j + 11, 3*j = 4*f - 17. Suppose -f*u + 9 = 1. What is the units digit of u?
4
What is the hundreds digit of ((-39)/6)/((-6 + 2)/160)?
2
Suppose g + 12 = 2*p - 0*p, -3*g + 19 = 5*p. Suppose -1 = -p*t + 174. Suppose l = t + 13. What is the units digit of l?
8
Suppose -1068 = -2*q + 2*d, -4*q + 2*d + 1061 = -1067. What is the units digit of q?
0
Let h(j) = 4*j**2 + 6*j + 6. Let i be h(-5). Suppose 59*y = 55*y + i. What is the units digit of y?
9
Suppose -3*j = -4*s - 251, -2*j + 263 - 84 = -5*s. Suppose b = -o + j, 4*o + 0*b - 5*b - 353 = 0. What is the tens digit of o?
8
What is the thousands digit of (-5412)/(-11 - (-133)/14)?
3
Let z(g) = 10 + 46 + 58 - g**3. Let b be z(0). Suppose -5*y + 41 + b = 0. What is the tens digit of y?
3
Let b(p) = -4*p - 3. Let f be b(-3). Let l(z) = -4*z - z + 0*z + 2*z - f. What is the units digit of l(-11)?
4
Suppose -1 = -4*o - 5*c + 3, -16 = -4*o - 2*c. Let q = -2 + o. Suppose -5*d + q*n + 55 = 0, -3*n = -5*d + 24 + 36. What is the tens digit of d?
1
Let k(p) = -3*p**3 - 5*p**2 + 9*p - 51. What is the thousands digit of k(-10)?
2
Suppose 0*x - 5 = 5*x, -j = 4*x. Suppose 5*q = 2*f + 779, -5*q + j*f - 3*f = -777. What is the units digit of q?
5
Let g(b) = 35*b + 91. What is the hundreds digit of g(13)?
5
What is the tens digit of ((-70)/(-15) - 4)/(6/4383)?
8
Suppose 0 = 5*l - d - 4305, 0 = 4*l - 11*d + 8*d - 3444. What is the tens digit of l?
6
Suppose -2*q + 125 = 2*u - 291, -2*u + 4*q = -386. Suppose 25 = 6*j - u. What is the units digit of j?
8
Let b(y) = 3*y**2 + 2*y - 5. Let n(x) = 2*x**2 + x - 4. Let h(a) = 3*b(a) - 4*n(a). What is the tens digit of h(3)?
1
Suppose 1701 - 8 = 5*c - 3*i, -4*c + 1360 = -i. What is the tens digit of c?
4
What is the hundreds digit of 582/(-10)*(-50)/(-40)*-12?
8
Let u be (-10)/(-3)*18/12. Suppose 7*t - 3*t = -8, -4*a + 18 = -u*t. What is the units digit of a?
2
Suppose -745 = -3*o + 4*v, 3*o + 45*v = 48*v + 747. What is the hundreds digit of o?
2
Let h = 5 + -3. Let f(t) = 73*t**2 - 5*t + 5. What is the tens digit of f(h)?
8
Suppose 10*i - 5057 - 1173 = 0. What is the hundreds digit of i?
6
Suppose m - 1 = -p, -2*p + p = -5*m + 23. Let k = 14 - 6. What is the tens digit of 0/2 - k*p?
2
Suppose -1048 = -12*q + 4076. What is the hundreds digit of q?
4
Let b(t) = -131*t**3 + 3*t**2 + t - 1. Let m be b(-1). Suppose 3*u - 288 = -4*a - u, u = 2*a - m. What is the units digit of a?
8
Let z = 3702 + -2144. What is the units digit of z?
8
Suppose 2*x - 5 = -1. Let c(t) = -2*t + 10 - 2*t - t**x + 8*t. What is the units digit of c(5)?
5
Let p = 897 + -221. What is the units digit of p?
6
Let s = -118 + 123. Suppose 2*j - 462 = 3*n, -4*j = -s*n + 2*n - 924. What is the hundreds digit of j?
2
Let r = -725 - -1151. What is the tens digit of r?
2
Suppose q = -5*q. Let u(k) = q - 8*k - 12 - 2 + 4*k. What is the tens digit of u(-17)?
5
What is the tens digit of (52050/20)/((-6)/(-4))?
3
Let n(a) = 2*a**3 - 9*a**2 + 3*a + 46. What is the tens digit of n(7)?
1
Let f = -166 - -560. Suppose -3*a = 3*l - 2*a - 293, -4*l + 2*a = -f. What is the units digit of l?
8
Suppose -b - 5*r - 1 + 17 = 0, 4*b = -3*r + 30. Suppose 274 - 64 = b*h. What is the tens digit of h?
3
Suppose 4*h - 1631 = -u, -4*h + 3*u + 424 = -3*h. Let g = h - 233. What is the units digit of g?
6
What is the hundreds digit of (-15 + -41)*-21*(-3 - -4)?
1
Suppose 6 = -3*u + 5*c, u + c = 2 - 4. What is the units digit of u/(-8) + (-1350)/(-40)?
4
Let l(s) be the third derivative of -s**5/60 - s**4/4 + 2*s**3/3 + 2*s**2. Let t = 18 - 23. What is the units digit of l(t)?
9
Let l(a) = 9*a + 7. Let w be ((-8)/10)/(8/(-60)). Suppose 5*y = 3*y + w. What is the units digit of l(y)?
4
Let a(o) = 3*o - 3. Let w be a(2). Suppose w*j - 115 = 128. What is the tens digit of j?
8
Suppose -111*n - 640 = -143*n. What is the tens digit of n?
2
Let v = 136 - 86. What is the tens digit of v?
5
Let b(r) = 100*r**2 - 3*r + 1. Let o be 12/8*2/3. Let n be b(o). What is the tens digit of 1946/n + 2/14?
2
Let a = 3711 + -2205. What is the units digit of a?
6
Let v = -85 - -89. Suppose -2*s + 660 = v*s. What is the tens digit of s?
1
Let d be 0/(-7)*(-2)/(-8). Suppose -20 = -d*p - p. What is the tens digit of p?
2
Suppose r = 4*s - 67, 2*s - 4*r + 68 = 7*s. Suppose -4*d + 1 = 5*w, 0*d - 2*w + s = -d. What is the tens digit of (10 - 0)*d/(-5)?
1
Let p be 317/4 - (-3)/4. Let s = p - 48. What is the tens digit of s?
3
Let q(i) = -i**3 + 40*i**2 - 48*i + 391. What is the units digit of q(34)?
5
Suppose 2*q + 18 = -5*d - 51, 4*q - 44 = 4*d. What is the tens digit of (d/(-39))/((-2)/(-324))?
5
Let w be 5/(-2)*(-32)/40. Suppose -22 = -5*k - j - w, 0 = -5*k - 2*j + 20. Let i = 10 + k. What is the tens digit of i?
1
Suppose -25 = -16*j + 2199. What is the units digit of j?
9
Let w = 4071 + -2271. What is the hundreds digit of w?
8
Let d = -661 + 1230. Let i = d + -399. What is the tens digit of i?
7
What is the hundreds digit of 9972/42 